Let j(n) = 7*n - 2. Let c(g) = y*m(g) + j(g). What is c(5)?
7
Suppose 0*c = 5*c - 30. Let a(n) = 1 - 5 - 2 + c*n**2 + n**3 + 4. Calculate a(-6).
-2
Let a(y) = -31 + 19 + 9 - y**2 - 5*y. Determine a(-3).
3
Let x(o) = -3*o + 4. Let y be ((-2)/4)/(2 + 119/(-56)). Determine x(y).
-8
Let h(v) = v**2 - 4*v - 3. Let p(x) = -x**2 + 3*x + 3. Let z(n) = -3*h(n) - 4*p(n). Let r(m) be the first derivative of z(m). Calculate r(2).
4
Let z(y) = y**3 + 4*y**2 - 4*y + 6. Let u = -6 - -6. Let f(r) = -r - 5. Let h be f(u). Calculate z(h).
1
Let w be (32/(-40))/(2/(-15)). Let u(s) = -4 + s + 3 - 1 + w. What is u(4)?
8
Let n(w) = -5 + 2*w + 2*w + 2. Calculate n(3).
9
Let n(f) = -7*f**3 + f**2 - 2*f. Let d be n(1). Let t(c) = c + 7. Calculate t(d).
-1
Let l(k) = k**3 + k**2 + k + 1. Let j(b) = -3*b**3 - 5*b**2 - 3*b - 6. Let r(n) = -j(n) - 2*l(n). Give r(-3).
1
Let l(b) = b**3 - 9*b**2 - b + 10. Let p be l(9). Let h(w) = -3*w + 1. Calculate h(p).
-2
Let z(s) = -22*s**2 - s**3 + 1 + 39*s**2 - 22*s**2 + 0*s**3. Let r = 1 - 6. Give z(r).
1
Let i(w) = 5*w**2 + 4*w - 4. Let x(n) = n**2 - 5. Let y be x(4). Let d(u) = -14*u**2 - 11*u + 12. Let t(v) = y*i(v) + 4*d(v). Calculate t(-3).
-5
Let c(k) be the third derivative of k**6/120 - 7*k**5/60 + 7*k**4/24 - k**3/6 + 22*k**2. Suppose 5*i - 5 = -8*j + 3*j, -3*i = 5*j - 15. Calculate c(j).
5
Let c(w) be the first derivative of w**4/4 - 5*w**3/3 + w**2 + w + 1. Suppose 0 = 5*x - 25. Suppose u = 2*u + 2*b - 5, -x*u - 2*b = -25. Determine c(u).
11
Let s = 0 + 6. Let j(d) = d**3 - 5*d**2 - 6*d - 2. Determine j(s).
-2
Let m(s) = 5 - 7*s - s**2 - s + 7*s. Determine m(0).
5
Let w(a) = a + 1. Let h = 85 + -84. Give w(h).
2
Suppose 4*t + 5 = 3*b + 3, -3 = 5*t - 4*b. Let w(c) = c - 1. Let v(k) = -3*k + 11. Let d(f) = t*v(f) + 5*w(f). Give d(-5).
-4
Let v(q) = -q**2 - 5*q + 2. Let d = 1 - -1. Suppose s + 7 = 4*r, 2*r - 3 = -d*r + 5*s. Suppose 4*b - r*b + 6 = 0. Determine v(b).
8
Let s(q) = -q**2 + 6*q - 7. Let g(x) = -4*x**3 - x**3 + 0*x**3 - x**3. Let n be g(-1). Determine s(n).
-7
Suppose 4*z + b = -1 + 11, -z - 8 = -5*b. Let i(a) be the third derivative of -1/30*a**5 - 1/6*a**3 + 0*a + 2*a**z + 0 + 0*a**4. Calculate i(-1).
-3
Let s(d) = 5*d - 4. Let o(n) = n - 1. Suppose 4*m - 18 - 6 = 0. Let x(c) = m*o(c) - s(c). Suppose 0 = -5*f - 3*t + 16, 16 = 4*f + 3*t + t. What is x(f)?
0
Let b(g) = -15*g**2 - 11*g + 13. Let o(k) = -8*k**2 - 5*k + 6. Let y(x) = 6*b(x) - 13*o(x). What is y(1)?
13
Let g(n) be the second derivative of -n**4/3 - n**3/3 + n**2/2 - 11*n. Determine g(1).
-5
Let x be -1 + 2 - (-3 - -1). Suppose g = -x*g. Let z(m) = m**3 - m**2 + m - 1. Let d be z(g). Let c(a) = -3*a**3 - a**2 + 1. What is c(d)?
3
Let l(t) be the first derivative of -t**4/4 - t**3/3 + t**2 - t + 27. Calculate l(1).
-1
Suppose 4*w - 4*m = 28, -24 = -2*w + m + 3*m. Let s(r) = -r**2 + 2*r - 2. Calculate s(w).
-2
Suppose -4*n - 20 = -d - 4*d, -3*n = -3*d + 12. Let z(w) = -w**3 - w + 3 - 3*w - w**2 + 3*w. Calculate z(n).
3
Let u(c) = 3*c - 3. Suppose 4*g + 16 = -2*n + 5*n, 3*g - 1 = -n. Determine u(n).
9
Let y(p) = -p - 1. Let h(a) be the second derivative of -a**3/3 + 7*a**2/2 - a. Let l(g) = -h(g) - 6*y(g). Give l(1).
7
Let u(s) = 1 - 4 - s**3 + s - 3*s + 5*s. Let y be (-3 - -1)*(0 - 1). Give u(y).
-5
Suppose -2*w = 4*w - 12. Let x(h) = 2 - 3*h**2 - 3*h - w*h**2 + 6*h**2. Give x(3).
2
Let j = 7 + -10. Let k(u) = 2*u + 1. Let p be k(-2). Let t = j - p. Let w(o) = -o**2 + o - 3. Calculate w(t).
-3
Let l(o) = -o**3 + 7*o**2 + 17*o - 7. Let v(p) = -p**2 + p + 1. Let k(b) = -l(b) + 4*v(b). What is k(12)?
-1
Let a(i) = i**3 + i - 7. Let f(t) = 2*t - 14. Let b be f(7). Calculate a(b).
-7
Let m(w) = w**2 - 7*w - 10. Let v be m(8). Let y be (0/3)/(1*v). Let x(o) = o + o**2 - o**3 - o - 8. What is x(y)?
-8
Suppose 0 = -5*r + 4 + 16. Let k(s) = 7*s**3 - 8*s**2 - 2*s - 10. Let o(z) = 4*z**3 - 4*z**2 - z - 5. Let n(v) = 3*k(v) - 5*o(v). Determine n(r).
-9
Let z be (-2)/(4*3/(-30)). Let y = z + -10. Let p(w) = 6*w - 2 + 0 + w**2 + 1. Give p(y).
-6
Let a(h) = -h**3 + 3*h**2 - h - 1. Let w be a(2). Let n(p) = p**2 - 2*p + 2*p + 8*p**3. Give n(w).
9
Suppose 17 - 5 = 3*h. Let g(j) = -j**3 + 5*j**2 - 2*j - 5. Give g(h).
3
Let f(b) = -1 - 2*b + b + b**2 - b + 3. What is f(4)?
10
Suppose -7*c = -3*c. Let h(l) = 2 + 0 + c - 3*l - l**2 + 0. Calculate h(-4).
-2
Let h(w) = w + 1. Suppose 67 - 17 = -5*k. Let x = k + 9. Give h(x).
0
Let p(k) = -k**2 - k - 6. Let x = -9 + 9. Determine p(x).
-6
Let v be 1/(6/3)*12. Let z(r) = r**3 - 5*r**2 - 4*r - 7. Determine z(v).
5
Let n(p) = 7*p**3 - 4*p**2 + 8*p + 1. Let l(u) = u**3 + u. Let y(v) = 6*l(v) - n(v). Let b(k) = -k + 12. Let g be b(6). Let t = 10 - g. Determine y(t).
-9
Suppose -5*b + 6*b = 0. Suppose -3*a = -b*a. Let l(n) = n + 6. Determine l(a).
6
Let j(n) = n + 4. Let q(s) = -7*s + 2. Suppose u - 6 = -5*a, -3*a + u + 3 = a. Let c be q(a). Give j(c).
-1
Let u(a) = -a**3 + a**2 + 6. Let x be (-3)/((-27)/(-3))*-6. Let d be 8/(-5) + 4/(-10). Let p be x/(-4)*(d + 2). Calculate u(p).
6
Let k(c) = 0*c**2 - 2*c**2 - c - 4*c**2 + c**3. Suppose 18*z + 24 = 22*z. Give k(z).
-6
Let z(s) = s**3 + 4*s**2 - 6*s - 1. Suppose 0 = -y + q - 1, -2*q + 6 = 3*y - y. Suppose y = -j + 7. Let t = j + -11. Determine z(t).
4
Suppose 28*r - 24*r - 24 = 0. Let d(x) = 10*x**2 - 3*x**3 + x + 2*x**3 - 4*x**2. Determine d(r).
6
Let s(r) = -r**3 - r**2 + 2. Let x be s(0). Let h(p) be the second derivative of -5/6*p**3 + 0 - 2*p - 1/6*p**4 - 3/2*p**x. What is h(-3)?
-6
Let r(v) be the first derivative of -v**3/3 - 4*v**2 - 2*v + 5. Give r(-6).
10
Let w be 396/24 - 2/(-4). Let b = w - 18. Let a(c) = c + 6. Let j(n) = 2*n + 13. Let o(l) = -13*a(l) + 6*j(l). Determine o(b).
1
Let l(r) = -13*r**3 + 2*r**2 + 3*r - 6. Let j(w) = 11*w**3 - w**2 - 3*w + 5. Let d(q) = 6*j(q) + 5*l(q). What is d(-5)?
-10
Let b(r) = -3*r + 9. Let f(k) = 4*k**2 - 2*k. Let w be f(-1). Determine b(w).
-9
Let x(r) = -r**2 + 1. Let a be (-2)/((-8)/(-20))*-1. Let u(o) = -o**3 + 8*o**2 - 2*o - 4. Let s(l) = a*x(l) + u(l). Give s(2).
1
Let t(z) be the first derivative of z**3/3 - z**2/2 - 9*z + 14. Calculate t(0).
-9
Let t(i) = -4*i + i + 2 + 5*i. Let r(l) = -l**2 - 10*l - 19. Let k be r(-8). Calculate t(k).
-4
Let f(h) = 5*h**2 - 5*h + 9. Let b(j) = -2*j**2 + 2*j - 4. Let a(i) = -7*b(i) - 3*f(i). Let y = 96 - 94. Calculate a(y).
-1
Let r(q) = 2*q - 2*q - 58 + 3*q + 54. Calculate r(-5).
-19
Let o(q) be the second derivative of -q**5/4 + q**3/6 + 7*q. What is o(-1)?
4
Let d(j) = -j**2 - j + 4. Let y be d(0). Let f(i) = i**2 - 6*i + 5. Determine f(y).
-3
Let f(g) = 3*g + 2. Let u(c) = c**3 + 19*c**2 + 18*c + 4. Let n be u(-18). Determine f(n).
14
Let a(p) = p**3 - 2*p**2 - 2*p + 1. Suppose -15 = -5*f - 5. Give a(f).
-3
Let i(y) be the second derivative of y**5/20 - y**4/6 + y**3/6 + y**2/2 - 30*y. Calculate i(2).
3
Let y(r) = r + 2. Let i be y(3). Suppose b - i*b = -8. Let g(h) = 5 - h**3 + h**b - 4 + 3*h + 3. Calculate g(3).
-5
Let k(g) be the third derivative of g**6/120 + g**5/20 - 5*g**4/24 - g**3/6 - 10*g**2. What is k(-4)?
3
Let a(o) = -2*o - 5. Let z(r) = -4*r**3 - 2*r - 1. Let l be z(-1). Suppose l - 19 = -3*t + 5*c, 5*t - 5*c - 20 = 0. Let m be (10/8)/(t/(-12)). What is a(m)?
5
Let c(h) = h**2 - h. Let p = 4 - 6. What is c(p)?
6
Let m(d) = -6*d**2. Let o = 0 - -4. Suppose -o*v + 0*v - 4 = 0. Give m(v).
-6
Suppose 5*o + 2 = 17. Let z(p) = 1 - 7 + p - 3*p + 3. What is z(o)?
-9
Let o(n) = 65 - 34 + 0*n - 28 + 3*n. Give o(-3).
-6
Suppose -12 = 5*a + 4*m, 5*m + 1 = -5*a - 9. Let c(s) = s**3 + 6*s**2 + 7*s + 5. What is c(a)?
9
Let g(v) = 23*v + 2 - 7*v + 0*v - 9*v. What is g(2)?
16
Let h(o) = -o + 14. Suppose n - 6 = 3. Let q be h(n). Let z(c) = c**3 - 6*c**2 + 5*c + 1. Determine z(q).
1
Let l(m) = m - 15 + 29 - 15 - m**2. Calculate l(1).
-1
Let p(s) be the third derivative of -s**5/60 - s**4/8 - s**3/6 + 12*s**2. What is p(-2)?
1
Suppose l - 12 = 5*l. Let g(c) be the third derivative of -c**5/60 - c**4/8 + 2*c**3/3 - c**2. Calculate g(l).
4
Let t(z) = -z**3 - 3*z**2 - 3. Suppose 2*s + 3*h = 4*h - 11, -2*s - 5*h = -19. Give t(s).
-3
Let a(g) be the first derivative of -g**2 + 7/4*g**4 - g - 1/3*g**3 + 3. Calculate a(-1).
-7
Let c(a) be the second derivative of a**5/120 + a**4/12 - a**3/2 + 2*a.